 3*r - r**2 + 7. Give t(-6).
-11
Let g(o) = -o**3 - 28*o**2 - 55*o - 82. Let h be g(-26). Let p(y) = -2*y**2 - 6*y - 1. What is p(h)?
-9
Let m(o) = -3*o - 2. Let a = -57 - -59. What is m(a)?
-8
Let z(l) = -l**3 - 9*l**3 + 15*l**3 - 4*l**3 + l**2 + 1 - 3*l. Determine z(-3).
-8
Let k(d) = -d**3 - 15*d**2 + 4*d + 9. Let s(l) = l**2 - l + 1. Let x(o) = -k(o) - 2*s(o). Determine x(-13).
15
Let s(p) be the first derivative of -p**4/4 + 2*p**3 + 2*p**2 - 5*p + 64. Calculate s(6).
19
Suppose -4*a + 3*a + 2 = 0. Suppose a*z - 5*z = -18. Let q(b) = b**3 - 7*b**2 + 5*b - 2. Calculate q(z).
-8
Let j = 47 + -36. Suppose 3*b = j + 1. Let t(u) = u**3 - 5*u**2 + 4*u - 6. What is t(b)?
-6
Let d(v) = v**3 - 5*v**2 + 5*v + 4. Let w be (-100)/15*3/(-12)*3. Give d(w).
29
Let z(m) = -1 + 5 + 22*m**2 - 21*m**2 - 6*m. Suppose -12 = -p + 4*l, p + 4*p - 10 = -5*l. Let w(o) = 2*o - 5. Let k be w(p). Determine z(k).
-5
Let s be (20 - -15)*(-6)/21. Let a(k) = k**3 + 12*k**2 + 19*k - 7. Calculate a(s).
3
Let n(w) be the first derivative of -3/2*w**2 + 3/20*w**5 + 2/3*w**3 + 6*w + 8 - 1/4*w**4. Let l(v) be the first derivative of n(v). What is l(2)?
17
Let v(k) be the first derivative of k**3/3 + k**2/2 - 6*k + 7. Let r = 5 + -14. Let u be -2 + 5 + r/3. Determine v(u).
-6
Suppose 2*m = 5*l - 15, m + 38*l = 34*l - 27. Let q(r) = r + 22. What is q(m)?
7
Let n(d) = 6 + 1 - 11 - 5*d**2 + 5. Give n(-1).
-4
Let z(m) = -m**3 - 2*m**2 + 2*m. Let q be (-5*(-3)/(-9))/(1/(-3)). Suppose -q*a - 25 = -10. Determine z(a).
3
Let k(x) = x**2 - 1. Let l be k(4). Let m(d) = -d**2 - 23 + 29 - 8*d - l. Determine m(-6).
3
Let x(d) = d. Let f(c) = 6*c + 19. Let b(v) = f(v) - 5*x(v). Let i be b(-15). Let g(q) = 2*q. Give g(i).
8
Let m(r) be the first derivative of r**4/4 - 3*r**3 + 2*r**2 - 8*r - 104. Calculate m(8).
-40
Let d(m) = 2*m**2 - 4. Let p = 493 - 490. Determine d(p).
14
Suppose -4*w = 5*a + 34, -3*w - 23 = 3*a + 2*w. Let p(r) = 2*r**2 + r + 17. Let f(b) = b**2 + 8. Let i(d) = a*p(d) + 13*f(d). Let x = 9 - 4. Give i(x).
-3
Let c(b) = 14*b + 12. Let y(g) = -22*g - 23. Let u(o) = -5*c(o) - 3*y(o). Calculate u(-4).
25
Let l(j) = -j + 6. Let x = -77 + 137. Let v = x - 54. Calculate l(v).
0
Suppose 2*o - 3*o = 0. Suppose 33 = -o*s - 3*s. Let m = s + 6. Let u(h) = h**3 + 4*h**2 - 3*h + 5. Give u(m).
-5
Let i(z) = z**2 + 15*z - 80. Let y be i(4). Let s(q) = q - 4. Give s(y).
-8
Suppose 48*t - 20 = 44*t. Let u(y) = 6 + 0*y**2 + 10*y - 3*y + 5*y**2 + 7*y**3. Let p(i) = -4*i**3 - 2*i**2 - 4*i - 3. Let n(o) = t*p(o) + 3*u(o). Give n(-4).
15
Let v(z) be the second derivative of 0 + 7/2*z**2 - z + 1/3*z**3. Let b be (-6)/(-39) - 402/78. What is v(b)?
-3
Let h(a) = 43671*a - 43671*a - a**3 - 6*a**2. Give h(-5).
-25
Let u(v) be the first derivative of v**3/3 - 5*v**2/2 - 3. Suppose 38*m + 24 = 44*m. Determine u(m).
-4
Suppose d = -3*d + 16. Let x = 7 - 3. Suppose 5*m - x*j - 14 - 21 = 0, j = d*m - 17. Let y(f) = -5*f + 4. Determine y(m).
-11
Suppose -3*v - 13 = -2*d, d + 0*d = 2. Let b(j) be the first derivative of 4/3*j**3 + 13 + 2*j**2 + 3*j + 1/4*j**4. Determine b(v).
0
Let r(d) be the first derivative of 4/3*d**3 + 3*d**2 - 1/4*d**4 - 2*d + 22. What is r(5)?
3
Let o be (1 - 3)/(1/(-2)). Let u(a) = 16526 - 16527 - 255*a + 263*a. What is u(o)?
31
Suppose -6 = 5051*k - 5057*k. Let g(m) = -4*m**3 + m + 3*m**3 - 2*m**3 - 2*m**2. Determine g(k).
-4
Let b(u) = -2 + u**2 + 0*u**2 - 1 + 3*u. Let f be (-4 - -1)/(-3) - (-40 + 38). Calculate b(f).
15
Let f(w) = 27 + 28 + 18 + 3*w + 27 - 101. Determine f(2).
5
Let b(d) = 64*d - 197 + 186 - 61*d. Give b(7).
10
Let y(k) be the second derivative of -k**4 - k**3/3 + 94*k. Give y(-1).
-10
Let d(f) be the first derivative of -f**4/4 - 14*f**3/3 + f**2 + 21*f - 307. Determine d(-14).
-7
Suppose -2*a = -3*a + 6. Suppose a = 6*s - 7*s. Let y(u) = -u**2 - 7*u - 6. Calculate y(s).
0
Let s be (-3)/12 + (-29)/(-4). Let x(w) = 3 - 4*w + 5*w + 3 - 13 - 1. Give x(s).
-1
Let k(y) be the second derivative of y**5/20 + 7*y**4/12 + 5*y**3/6 - 7*y**2/2 + 17*y + 5. Let n(c) = -c - 16. Let t be n(-10). Determine k(t).
-1
Let i(w) = w**3 - 5*w**2 + 2*w - 4. Let o(g) = -g**2 - 9*g - 11. Let l be o(-7). Suppose 3*p + 25 = 3*k + 5*p, -3*k + l*p = 0. Give i(k).
6
Let m(x) = -x**3 - 5*x**2 - 8*x - 9. Suppose 2*j - 5*s = 0, 16 = 5*j - 5*s + 31. What is m(j)?
31
Let t be (2 - 0)*(-2)/(-4). Let h(n) = 0*n**3 + 10*n**2 - 12*n**2 - 3*n**3 + t. Give h(-2).
17
Let t(l) = 3*l + 23. Let i(a) = 4*a - 108. Let o be i(25). Determine t(o).
-1
Let q be ((-18)/12)/((-1)/4). Let j(c) = -6*c - 4 - c + q*c**2 - 5*c**2 + 3*c. Determine j(3).
-7
Let c = -4 + 6. Let x = c - 8. Let k = x - -8. Let m(a) = 3*a**2 - a + 1. Give m(k).
11
Let j(b) = -23. Let w(k) = k + 8. Let p(z) = -2*j(z) - 3*w(z). Determine p(11).
-11
Let m = -475 - -475. Let t(c) = 2*c + 9. What is t(m)?
9
Let z(f) = -21*f**3 - 20*f**2 + 21*f + 10. Let p(b) = 4*b**3 + 4*b**2 - 4*b - 2. Let t(v) = 11*p(v) + 2*z(v). Suppose -2*o - o = 9. What is t(o)?
-14
Let o = -86 - -86. Suppose -z + o = 5*t - 22, -5*z = t - 14. Let a(n) = 0*n**2 + 4*n - 2*n**2 - 6 + n**2. What is a(t)?
-6
Let z be (5/(-15))/((-4)/12). Let c(b) = -b. Give c(z).
-1
Let l(n) = n**2 + 14*n + 20. Let k be -13 + 6*(-3)/(-18). Give l(k).
-4
Let h be 6/(0 + -2) - -1. Let s(l) be the second derivative of l**4/6 - l**2 - 1520*l + 2. Determine s(h).
6
Suppose -4*j + 12 = 3*v, 2*j - 2*v - 6 = 3*v. Suppose -b - 2*r = -j + 1, -4*b - 6 = r. Let o(f) = -2*f**3 - 4*f**2 - 3*f - 2. Determine o(b).
4
Let d(m) = -m. Suppose 1 = h - 13. Let w be (5/(-2))/((-7)/h). Suppose -4*t + 3*u + 0*u + 35 = 0, 4*u + 45 = w*t. Give d(t).
-5
Let a(p) = p**3 + 18*p**2 - p - 9. Let x be a(-18). Let b(o) = o**2 - 8*o - 6. Give b(x).
3
Let y(l) be the third derivative of l**4/12 + l**3/6 - 2*l**2. Let n be y(2). Let p(m) = 0 + 1290*m**2 + 3*m + 1289*m**2 - 2580*m**2 + 4. Calculate p(n).
-6
Let v = 711 + -8527/12. Let y(a) be the second derivative of -a**2 - 4*a - 1/20*a**5 - v*a**4 + 0 - 1/3*a**3. Determine y(-5).
8
Let p(r) be the second derivative of r**5/20 - r**3/6 + 7*r**2/2 - 82*r. Calculate p(0).
7
Let a(q) = 4 + 3 + q + q - 7*q - q**2. Suppose -42 = 5*w - 4*i, -6*w + 11*w = -i - 27. Determine a(w).
1
Let s(y) = 3*y**2 + 2*y - 4*y - y**3 + 4 - y - 3. Let v(m) = m**2 - 6*m - 5. Let k be v(7). Let q be 1 - (k - 3) - 0. Give s(q).
-1
Let z(x) be the second derivative of -x**5/20 - 3*x**4/4 - 7*x**3/6 + 4*x**2 - 197*x. Let o(w) = -8*w**3 - w**2 + 2*w - 1. Let h be o(1). Give z(h).
0
Suppose -3*c + 7 = 19. Let s(g) = -4 + 3 + 2 + 3 + g**2 + 6*g. Calculate s(c).
-4
Suppose -3*x + 5 = 2*n + 3, 2*x = -n. Suppose 0 = -3*q + 4*r + 24, -4*r + 3*r = n*q - 51. Let p(y) = -y**2 + 13*y - 10. Determine p(q).
2
Let h be -1*(-1 - -1) + -79 + 87. Let f(z) = z**3 - 9*z**2 + 11*z - 11. Calculate f(h).
13
Let k(a) = a**2. Let r(x) = -4*x**2 - x**3 - 7*x**2 - 6 + 9*x**2 + 17. Let o(g) = 3*k(g) + r(g). Let p(w) = w - 1. Let f be p(1). What is o(f)?
11
Let h(t) = 15*t**3 - 49*t**2 + 1. Let k(i) = -13*i**3 + 43*i**2 - i - 2. Let n(d) = 6*h(d) + 7*k(d). Determine n(6).
-14
Suppose 6 = 14*d - 12*d. Suppose 0 = 10*x - 8*x - 26. Let s(a) = -3 + 2 - 9*a**2 + x*a**2 - 2*a**3 + a**3. Give s(d).
8
Let t(u) = -11*u - 56. Let i(o) = 6*o + 29. Let c(p) = -7*i(p) - 4*t(p). Give c(-11).
-1
Let v(k) be the second derivative of k**3/6 - 18*k + 1. Let r be (13/65)/((-1)/(-5)). Give v(r).
1
Let u(w) = w**3 + 7*w**2 + 5*w. Let b be u(-6). Let y(m) = -9*m**2 + 2*m - 13. Let f(a) = -11*a**2 + 3*a - 14. Let x(l) = -5*f(l) + 6*y(l). Determine x(b).
10
Suppose 0 = 5*n + 5*v + 10, -3*v + 17 = -n + 3. Let t(j) = -10 - 2 + 0 - 3*j. Let z(q) = -q - 4. Let o(p) = -4*t(p) + 11*z(p). Calculate o(n).
-1
Suppose 21*c - 30 = 15*c. Let b(r) = c - r**2 + 3*r**2 - 3*r**2 + 3*r. Suppose -4 = -0*l - l. Give b(l).
1
Let j = 27 + -28. Let s be (9 + 0 - 3)/j. Let z(g) = -3*g**2 + 10*g - 14. Let y(o) = 2*o**2 - 5*o + 7. Let c(a) = -5*y(a) - 3*z(a). Give c(s).
1
Let k(m) be the first derivative of m**6/120 + m**5/60 - m**4/24 - m**3/3 + 13*m**2/2 + 1. Let o(h) be the second derivative of k(h). What is o(-3)?
-17
Suppose g - 3*k - 9 = 0, 3*k - 2*k + 19 = 3*g. Let j(i) = -7*i + 4. Let s be j(-2). Let l(y) = -25*y + s*y - 4*y**2 + 2 + 7 + 5*y**2. What is l(g)?
3
Let d(q) = 